00
What is the remainder when 235 is divided by 7?
4
What is the remainder when 1285 is divided by 118?
105
What is the remainder when 232 is divided by 127?
105
Calculate the remainder when 523 is divided by 131.
130
Calculate the remainder when 154 is divided by 27.
19
Calculate the remainder when 2599 is divided by 65.
64
What is the remainder when 319 is divided by 65?
59
Calculate the remainder when 483 is divided by 97.
95
What is the remainder when 215 is divided by 22?
17
Calculate the remainder when 910 is divided by 5.
0
Calculate the remainder when 1365 is divided by 4.
1
Calculate the remainder when 527 is divided by 23.
21
Calculate the remainder when 25 is divided by 7.
4
Calculate the remainder when 58 is divided by 24.
10
Calculate the remainder when 166 is divided by 88.
78
Calculate the remainder when 150 is divided by 68.
14
What is the remainder when 89 is divided by 20?
9
What is the remainder when 368 is divided by 40?
8
What is the remainder when 961 is divided by 13?
12
Calculate the remainder when 7478 is divided by 88.
86
Calculate the remainder when 539 is divided by 81.
53
What is the remainder when 11966 is divided by 105?
101
What is the remainder when 357 is divided by 81?
33
What is the remainder when 683 is divided by 36?
35
What is the remainder when 432 is divided by 104?
16
What is the remainder when 976 is divided by 63?
31
Calculate the remainder when 279 is divided by 99.
81
What is the remainder when 378 is divided by 189?
0
Calculate the remainder when 55 is divided by 8.
7
What is the remainder when 10226 is divided by 165?
161
Calculate the remainder when 20 is divided by 18.
2
What is the remainder when 9799 is divided by 172?
167
Calculate the remainder when 31 is divided by 14.
3
Calculate the remainder when 4182 is divided by 47.
46
Calculate the remainder when 29 is divided by 17.
12
What is the remainder when 498 is divided by 7?
1
Calculate the remainder when 27 is divided by 5.
2
What is the remainder when 3735 is divided by 129?
123
What is the remainder when 845 is divided by 17?
12
What is the remainder when 741 is divided by 161?
97
Calculate the remainder when 288 is divided by 58.
56
What is the remainder when 157 is divided by 52?
1
What is the remainder when 53 is divided by 20?
13
What is the remainder when 31 is divided by 8?
7
What is the remainder when 893 is divided by 21?
11
Calculate the remainder when 1604 is divided by 3.
2
Calculate the remainder when 247 is divided by 91.
65
Calculate the remainder when 3458 is divided by 3458.
0
What is the remainder when 356 is divided by 33?
26
What is the remainder when 3550 is divided by 3?
1
What is the remainder when 1086 is divided by 32?
30
What is the remainder when 1032 is divided by 225?
132
What is the remainder when 34 is divided by 15?
4
Calculate the remainder when 427 is divided by 48.
43
Calculate the remainder when 149 is divided by 34.
13
Calculate the remainder when 1647 is divided by 549.
0
Calculate the remainder when 1100 is divided by 58.
56
What is the remainder when 251 is divided by 18?
17
Calculate the remainder when 2019 is divided by 30.
9
What is the remainder when 324 is divided by 41?
37
What is the remainder when 585 is divided by 73?
1
What is the remainder when 317 is divided by 306?
11
Calculate the remainder when 251 is divided by 64.
59
What is the remainder when 823 is divided by 55?
53
Calculate the remainder when 27 is divided by 2.
1
What is the remainder when 1711 is divided by 16?
15
What is the remainder when 620 is divided by 89?
86
Calculate the remainder when 630 is divided by 81.
63
What is the remainder when 112 is divided by 13?
8
Calculate the remainder when 292 is divided by 37.
33
What is the remainder when 173 is divided by 90?
83
What is the remainder when 3394 is divided by 103?
98
What is the remainder when 241 is divided by 67?
40
What is the remainder when 4614 is divided by 243?
240
Calculate the remainder when 680 is divided by 31.
29
What is the remainder when 729 is divided by 308?
113
What is the remainder when 66 is divided by 51?
15
What is the remainder when 824 is divided by 93?
80
What is the remainder when 486 is divided by 26?
18
What is the remainder when 335 is divided by 20?
15
What is the remainder when 128 is divided by 45?
38
Calculate the remainder when 1214 is divided by 16.
14
Calculate the remainder when 611 is divided by 28.
23
Calculate the remainder when 178 is divided by 47.
37
What is the remainder when 1833 is divided by 54?
51
What is the remainder when 600 is divided by 204?
192
Calculate the remainder when 87 is divided by 44.
43
Calculate the remainder when 976 is divided by 244.
0
What is the remainder when 3852 is divided by 17?
10
What is the remainder when 146 is divided by 78?
68
Calculate the remainder when 4431 is divided by 24.
15
What is the remainder when 185 is divided by 11?
9
Calculate the remainder when 607 is divided by 168.
103
Calculate the remainder when 74 is divided by 60.
14
Calculate the remainder when 318 is divided by 23.
19
What is the remainder when 374 is divided by 178?
18
Calculate the remainder when 771 is divided by 39.
30
Calculate the remainder when 833 is divided by 19.
16
What is the remainder when 183 is divided by 28?
15
What is the remainder when 219 is divided by 55?
54
Calculate the remainder when 311 is divided by 47.
29
What is the remainder when 649 is divided by 50?
49
What is the remainder when 702 is divided by 19?
18
Calculate the remainder when 764 is divided by 78.
62
Calculate the remainder when 248 is divided by 23.
18
What is the remainder when 5569 is divided by 14?
11
Calculate the remainder when 450 is divided by 19.
13
What is the remainder when 166 is divided by 162?
4
What is the remainder when 678 is divided by 332?
14
What is the remainder when 303 is divided by 36?
15
Calculate the remainder when 212 is divided by 109.
103
Calculate the remainder when 71 is divided by 40.
31
Calculate the remainder when 538 is divided by 36.
34
What is the remainder when 26 is divided by 26?
0
What is the remainder when 72 is divided by 4?
0
What is the remainder when 12799 is divided by 20?
19
What is the remainder when 68 is divided by 37?
31
What is the remainder when 457 is divided by 27?
25
What is the remainder when 561 is divided by 113?
109
Calculate the remainder when 161 is divided by 57.
47
What is the remainder when 56 is divided by 31?
25
What is the remainder when 224 is divided by 25?
24
Calculate the remainder when 123 is divided by 16.
11
Calculate the remainder when 49 is divided by 10.
9
What is the remainder when 81 is divided by 34?
13
What is the remainder when 589 is divided by 65?
4
What is the remainder when 796 is divided by 32?
28
What is the remainder when 819 is divided by 18?
9
Calculate the remainder when 1998 is divided by 34.
26
What is the remainder when 24 is divided by 14?
10
What is the remainder when 369 is divided by 103?
60
What is the remainder when 7639 is divided by 53?
7
Calculate the remainder when 1042 is divided by 78.
28
Calculate the remainder when 149 is divided by 30.
29
Calculate the remainder when 122 is divided by 38.
8
What is the remainder when 1128 is divided by 5?
3
What is the remainder when 5027 is divided by 12?
11
What is the remainder when 14 is divided by 12?
2
Calculate the remainder when 3547 is divided by 16.
11
Calculate the remainder when 2195 is divided by 446.
411
What is the remainder when 113 is divided by 10?
3
Calculate the remainder when 4262 is divided by 852.
2
Calculate the remainder when 124 is divided by 13.
7
What is the remainder when 957 is divided by 12?
9
What is the remainder when 463 is divided by 31?
29
What is the remainder when 1115 is divided by 556?
3
What is the remainder when 366 is divided by 23?
21
What is the remainder when 4406 is divided by 152?
150
What is the remainder when 59 is divided by 37?
22
Calculate the remainder when 34 is divided by 7.
6
Calculate the remainder when 32 is divided by 2.
0
What is the remainder when 49 is divided by 16?
1
What is the remainder when 143 is divided by 38?
29
What is the remainder when 1298 is divided by 26?
24
Calculate the remainder when 1551 is divided by 512.